t is the remainder when 30 is divided by 12?
6
What is the remainder when 23 is divided by 8?
7
What is the remainder when 738 is divided by 37?
35
Calculate the remainder when 96 is divided by 53.
43
What is the remainder when 108 is divided by 52?
4
Calculate the remainder when 117 is divided by 50.
17
Calculate the remainder when 50 is divided by 17.
16
Calculate the remainder when 529 is divided by 14.
11
What is the remainder when 175 is divided by 36?
31
Calculate the remainder when 2431 is divided by 173.
9
What is the remainder when 908 is divided by 26?
24
What is the remainder when 125 is divided by 9?
8
What is the remainder when 854 is divided by 182?
126
What is the remainder when 141 is divided by 9?
6
What is the remainder when 850 is divided by 419?
12
What is the remainder when 1277 is divided by 16?
13
What is the remainder when 10303 is divided by 27?
16
What is the remainder when 427 is divided by 108?
103
What is the remainder when 1130 is divided by 12?
2
Calculate the remainder when 921 is divided by 11.
8
Calculate the remainder when 1770 is divided by 52.
2
Calculate the remainder when 231 is divided by 44.
11
What is the remainder when 78 is divided by 14?
8
What is the remainder when 371 is divided by 62?
61
What is the remainder when 270 is divided by 95?
80
Calculate the remainder when 3972 is divided by 2.
0
Calculate the remainder when 2507 is divided by 57.
56
What is the remainder when 463 is divided by 47?
40
What is the remainder when 778 is divided by 15?
13
Calculate the remainder when 1116 is divided by 112.
108
What is the remainder when 2089 is divided by 10?
9
Calculate the remainder when 284 is divided by 19.
18
What is the remainder when 557 is divided by 139?
1
Calculate the remainder when 813 is divided by 16.
13
Calculate the remainder when 1271 is divided by 51.
47
What is the remainder when 5716 is divided by 104?
100
Calculate the remainder when 16429 is divided by 158.
155
What is the remainder when 21 is divided by 14?
7
What is the remainder when 240 is divided by 92?
56
What is the remainder when 291 is divided by 37?
32
What is the remainder when 11437 is divided by 220?
217
Calculate the remainder when 3594 is divided by 513.
3
What is the remainder when 108 is divided by 20?
8
What is the remainder when 412 is divided by 59?
58
Calculate the remainder when 50 is divided by 3.
2
Calculate the remainder when 1531 is divided by 21.
19
What is the remainder when 846 is divided by 224?
174
Calculate the remainder when 693 is divided by 54.
45
Calculate the remainder when 4660 is divided by 9.
7
Calculate the remainder when 400 is divided by 37.
30
What is the remainder when 46 is divided by 6?
4
Calculate the remainder when 18 is divided by 11.
7
Calculate the remainder when 33 is divided by 17.
16
What is the remainder when 154 is divided by 55?
44
What is the remainder when 103 is divided by 4?
3
Calculate the remainder when 196 is divided by 37.
11
What is the remainder when 111 is divided by 8?
7
Calculate the remainder when 105 is divided by 70.
35
What is the remainder when 2050 is divided by 683?
1
Calculate the remainder when 1159 is divided by 65.
54
What is the remainder when 387 is divided by 30?
27
What is the remainder when 319 is divided by 59?
24
Calculate the remainder when 369 is divided by 25.
19
Calculate the remainder when 196 is divided by 40.
36
What is the remainder when 3981 is divided by 16?
13
Calculate the remainder when 139 is divided by 41.
16
What is the remainder when 3036 is divided by 32?
28
What is the remainder when 933 is divided by 36?
33
Calculate the remainder when 160 is divided by 20.
0
Calculate the remainder when 19 is divided by 5.
4
Calculate the remainder when 514 is divided by 26.
20
Calculate the remainder when 963 is divided by 2.
1
Calculate the remainder when 148 is divided by 54.
40
What is the remainder when 218 is divided by 76?
66
Calculate the remainder when 1115 is divided by 62.
61
What is the remainder when 124 is divided by 22?
14
Calculate the remainder when 504 is divided by 160.
24
Calculate the remainder when 225 is divided by 77.
71
What is the remainder when 7755 is divided by 40?
35
What is the remainder when 1755 is divided by 7?
5
Calculate the remainder when 55 is divided by 6.
1
What is the remainder when 694 is divided by 186?
136
What is the remainder when 124 is divided by 26?
20
Calculate the remainder when 20 is divided by 8.
4
Calculate the remainder when 501 is divided by 14.
11
What is the remainder when 1503 is divided by 109?
86
What is the remainder when 228 is divided by 86?
56
What is the remainder when 1198 is divided by 80?
78
What is the remainder when 6 is divided by 2?
0
What is the remainder when 74 is divided by 26?
22
Calculate the remainder when 1237 is divided by 21.
19
Calculate the remainder when 303 is divided by 51.
48
Calculate the remainder when 454 is divided by 14.
6
Calculate the remainder when 1649 is divided by 83.
72
What is the remainder when 20 is divided by 15?
5
What is the remainder when 3404 is divided by 262?
260
What is the remainder when 115 is divided by 84?
31
What is the remainder when 20402 is divided by 7?
4
Calculate the remainder when 5 is divided by 1.
0
Calculate the remainder when 2855 is divided by 143.
138
What is the remainder when 189 is divided by 97?
92
Calculate the remainder when 6436 is divided by 174.
172
Calculate the remainder when 212 is divided by 53.
0
Calculate the remainder when 228 is divided by 21.
18
Calculate the remainder when 1101 is divided by 333.
102
What is the remainder when 6562 is divided by 6?
4
Calculate the remainder when 115 is divided by 31.
22
Calculate the remainder when 166 is divided by 57.
52
Calculate the remainder when 60 is divided by 16.
12
What is the remainder when 2405 is divided by 798?
11
What is the remainder when 178 is divided by 10?
8
Calculate the remainder when 2074 is divided by 16.
10
What is the remainder when 525 is divided by 168?
21
Calculate the remainder when 58 is divided by 42.
16
What is the remainder when 409 is divided by 5?
4
What is the remainder when 6213 is divided by 1546?
29
What is the remainder when 992 is divided by 166?
162
Calculate the remainder when 1483 is divided by 741.
1
What is the remainder when 39 is divided by 21?
18
What is the remainder when 177 is divided by 24?
9
Calculate the remainder when 1467 is divided by 33.
15
Calculate the remainder when 1403 is divided by 78.
77
Calculate the remainder when 2149 is divided by 43.
42
Calculate the remainder when 2118 is divided by 3.
0
What is the remainder when 375 is divided by 63?
60
What is the remainder when 197 is divided by 100?
97
Calculate the remainder when 1215 is divided by 68.
59
Calculate the remainder when 41 is divided by 5.
1
What is the remainder when 3009 is divided by 58?
51
Calculate the remainder when 245 is divided by 10.
5
Calculate the remainder when 238 is divided by 30.
28
What is the remainder when 178 is divided by 71?
36
Calculate the remainder when 824 is divided by 273.
5
What is the remainder when 191 is divided by 80?
31
What is the remainder when 137 is divided by 10?
7
What is the remainder when 1132 is divided by 81?
79
What is the remainder when 925 is divided by 137?
103
Calculate the remainder when 252 is divided by 85.
82
What is the remainder when 803 is divided by 60?
23
Calculate the remainder when 465 is divided by 164.
137
What is the remainder when 6537 is divided by 14?
13
What is the remainder when 2000 is divided by 22?
20
Calculate the remainder when 103 is divided by 31.
10
What is the remainder when 164 is divided by 38?
12
What is the remainder when 734 is divided by 248?
238
What is the remainder when 445 is divided by 5?
0
Calculate the remainder when 1115 is divided by 128.
91
What is the remainder when 362 is divided by 98?
68
What is the remainder when 60 is divided by 11?
5
Calculate the remainder when 10631 is divided by 54.
47
What is the remainder when 199 is divided by 56?
31
What is the remainder when 905 is divided by 233?
206
What is the remainder when 1673 is divided by 39?
35
Calculate the remainder when 242 is divided by 21.
11
Calculate the remainder when 63624 is